{"id":13895,"date":"2022-10-06T19:34:35","date_gmt":"2023-06-15T14:22:06","guid":{"rendered":"https:\/\/www.claudel.org\/?post_type=product&#038;p=13895"},"modified":"2023-06-15T14:22:08","modified_gmt":"2023-06-15T14:22:08","slug":"grey-pen-case","status":"publish","type":"product","link":"https:\/\/www.claudel.org\/en\/produit\/grey-pen-case\/","title":{"rendered":"Grey Pen Case"},"content":{"rendered":"<p>&nbsp;<\/p>\n<p>The grey Claudel high school pencil case is a model that will appeal to girls and boys alike, regardless of age. Its large, single zippered compartment holds all pens, and its carry handle makes it easy to transport. Made from 100% polyester, this pencil case is sturdy and easy to clean inside. It offers a large storage capacity: 20.5 x 7 x 6 cm.<\/p>\n<ul>\n<li>Easy to clean inside<\/li>\n<li>Carrying handle<\/li>\n<li>Zippered main compartment<\/li>\n<li>Capacity: 1L<\/li>\n<li>Dimensions: 20.5 x 7 x 6 cm<\/li>\n<\/ul>\n","protected":false},"excerpt":{"rendered":"<p>&nbsp; The grey Claudel high school pencil case is a model that will appeal to girls and boys alike, regardless of age. Its large, single zippered compartment holds all pens, and its carry handle makes it easy to transport. Made from 100% polyester, this pencil case is sturdy and easy to clean inside. It offers &hellip; <\/p>\n","protected":false},"featured_media":13343,"comment_status":"closed","ping_status":"closed","template":"","meta":{"_acf_changed":false},"product_brand":[],"product_cat":[85],"product_tag":[],"class_list":{"0":"post-13895","1":"product","2":"type-product","3":"status-publish","4":"has-post-thumbnail","6":"product_cat-accessories-en","8":"first","9":"outofstock","10":"shipping-taxable","11":"purchasable","12":"product-type-simple"},"acf":[],"yoast_head":"<!-- This site is optimized with the Yoast SEO plugin v27.4 - https:\/\/yoast.com\/product\/yoast-seo-wordpress\/ -->\n<title>Grey Pen Case &#8211; Lyc\u00e9e Claudel | L&#039;\u00e9cole fran\u00e7aise internationale d&#039;Ottawa<\/title>\n<meta name=\"robots\" content=\"noindex, follow\" \/>\n<meta property=\"og:locale\" content=\"en_US\" \/>\n<meta property=\"og:type\" content=\"article\" \/>\n<meta property=\"og:title\" content=\"Grey Pen Case &#8211; Lyc\u00e9e Claudel | L&#039;\u00e9cole fran\u00e7aise internationale d&#039;Ottawa\" \/>\n<meta property=\"og:description\" content=\"&nbsp; The grey Claudel high school pencil case is a model that will appeal to girls and boys alike, regardless of age. Its large, single zippered compartment holds all pens, and its carry handle makes it easy to transport. Made from 100% polyester, this pencil case is sturdy and easy to clean inside. It offers &hellip;\" \/>\n<meta property=\"og:url\" content=\"https:\/\/www.claudel.org\/en\/produit\/grey-pen-case\/\" \/>\n<meta property=\"og:site_name\" content=\"Lyc\u00e9e Claudel | L&#039;\u00e9cole fran\u00e7aise internationale d&#039;Ottawa\" \/>\n<meta property=\"article:publisher\" content=\"https:\/\/www.facebook.com\/lycee.claudelottawa\" \/>\n<meta property=\"article:modified_time\" content=\"2023-06-15T14:22:08+00:00\" \/>\n<meta property=\"og:image\" content=\"https:\/\/www.claudel.org\/wp-content\/uploads\/2022\/10\/DSC00760-2-scaled.jpg\" \/>\n\t<meta property=\"og:image:width\" content=\"2560\" \/>\n\t<meta property=\"og:image:height\" content=\"1707\" \/>\n\t<meta property=\"og:image:type\" content=\"image\/jpeg\" \/>\n<meta name=\"twitter:card\" content=\"summary_large_image\" \/>\n<meta name=\"twitter:site\" content=\"@lyceeclaudel\" \/>\n<meta name=\"twitter:label1\" content=\"Est. reading time\" \/>\n\t<meta name=\"twitter:data1\" content=\"1 minute\" \/>\n<script type=\"application\/ld+json\" class=\"yoast-schema-graph\">{\"@context\":\"https:\\\/\\\/schema.org\",\"@graph\":[{\"@type\":\"WebPage\",\"@id\":\"https:\\\/\\\/www.claudel.org\\\/en\\\/produit\\\/grey-pen-case\\\/\",\"url\":\"https:\\\/\\\/www.claudel.org\\\/en\\\/produit\\\/grey-pen-case\\\/\",\"name\":\"Grey Pen Case &#8211; Lyc\u00e9e Claudel | L&#039;\u00e9cole fran\u00e7aise internationale d&#039;Ottawa\",\"isPartOf\":{\"@id\":\"https:\\\/\\\/www.claudel.org\\\/en\\\/#website\"},\"primaryImageOfPage\":{\"@id\":\"https:\\\/\\\/www.claudel.org\\\/en\\\/produit\\\/grey-pen-case\\\/#primaryimage\"},\"image\":{\"@id\":\"https:\\\/\\\/www.claudel.org\\\/en\\\/produit\\\/grey-pen-case\\\/#primaryimage\"},\"thumbnailUrl\":\"https:\\\/\\\/www.claudel.org\\\/wp-content\\\/uploads\\\/2022\\\/10\\\/DSC00760-2-scaled.jpg\",\"datePublished\":\"2023-06-15T14:22:06+00:00\",\"dateModified\":\"2023-06-15T14:22:08+00:00\",\"breadcrumb\":{\"@id\":\"https:\\\/\\\/www.claudel.org\\\/en\\\/produit\\\/grey-pen-case\\\/#breadcrumb\"},\"inLanguage\":\"en-US\",\"potentialAction\":[{\"@type\":\"ReadAction\",\"target\":[\"https:\\\/\\\/www.claudel.org\\\/en\\\/produit\\\/grey-pen-case\\\/\"]}]},{\"@type\":\"ImageObject\",\"inLanguage\":\"en-US\",\"@id\":\"https:\\\/\\\/www.claudel.org\\\/en\\\/produit\\\/grey-pen-case\\\/#primaryimage\",\"url\":\"https:\\\/\\\/www.claudel.org\\\/wp-content\\\/uploads\\\/2022\\\/10\\\/DSC00760-2-scaled.jpg\",\"contentUrl\":\"https:\\\/\\\/www.claudel.org\\\/wp-content\\\/uploads\\\/2022\\\/10\\\/DSC00760-2-scaled.jpg\",\"width\":2560,\"height\":1707},{\"@type\":\"BreadcrumbList\",\"@id\":\"https:\\\/\\\/www.claudel.org\\\/en\\\/produit\\\/grey-pen-case\\\/#breadcrumb\",\"itemListElement\":[{\"@type\":\"ListItem\",\"position\":1,\"name\":\"Home\",\"item\":\"https:\\\/\\\/www.claudel.org\\\/en\\\/\"},{\"@type\":\"ListItem\",\"position\":2,\"name\":\"Boutique\",\"item\":\"https:\\\/\\\/www.claudel.org\\\/boutique\\\/\"},{\"@type\":\"ListItem\",\"position\":3,\"name\":\"Grey Pen Case\"}]},{\"@type\":\"WebSite\",\"@id\":\"https:\\\/\\\/www.claudel.org\\\/en\\\/#website\",\"url\":\"https:\\\/\\\/www.claudel.org\\\/en\\\/\",\"name\":\"Lyc\u00e9e Claudel | L'\u00e9cole fran\u00e7aise internationale d'Ottawa\",\"description\":\"L&#039;\u00e9cole fran\u00e7aise internationale d&#039;Ottawa\",\"publisher\":{\"@id\":\"https:\\\/\\\/www.claudel.org\\\/en\\\/#organization\"},\"potentialAction\":[{\"@type\":\"SearchAction\",\"target\":{\"@type\":\"EntryPoint\",\"urlTemplate\":\"https:\\\/\\\/www.claudel.org\\\/en\\\/?s={search_term_string}\"},\"query-input\":{\"@type\":\"PropertyValueSpecification\",\"valueRequired\":true,\"valueName\":\"search_term_string\"}}],\"inLanguage\":\"en-US\"},{\"@type\":\"Organization\",\"@id\":\"https:\\\/\\\/www.claudel.org\\\/en\\\/#organization\",\"name\":\"Lyc\u00e9e Claudel d'Ottawa\",\"url\":\"https:\\\/\\\/www.claudel.org\\\/en\\\/\",\"logo\":{\"@type\":\"ImageObject\",\"inLanguage\":\"en-US\",\"@id\":\"https:\\\/\\\/www.claudel.org\\\/en\\\/#\\\/schema\\\/logo\\\/image\\\/\",\"url\":\"https:\\\/\\\/www.claudel.org\\\/wp-content\\\/uploads\\\/2020\\\/11\\\/Logo_LC_Label_Couleur.png\",\"contentUrl\":\"https:\\\/\\\/www.claudel.org\\\/wp-content\\\/uploads\\\/2020\\\/11\\\/Logo_LC_Label_Couleur.png\",\"width\":1830,\"height\":770,\"caption\":\"Lyc\u00e9e Claudel d'Ottawa\"},\"image\":{\"@id\":\"https:\\\/\\\/www.claudel.org\\\/en\\\/#\\\/schema\\\/logo\\\/image\\\/\"},\"sameAs\":[\"https:\\\/\\\/www.facebook.com\\\/lycee.claudelottawa\",\"https:\\\/\\\/x.com\\\/lyceeclaudel\",\"https:\\\/\\\/www.linkedin.com\\\/school\\\/lyc\u00e9e-claudel-d'ottawa\",\"https:\\\/\\\/vimeo.com\\\/lyceeclaudel\"]}]}<\/script>\n<!-- \/ Yoast SEO plugin. -->","yoast_head_json":{"title":"Grey Pen Case &#8211; Lyc\u00e9e Claudel | L&#039;\u00e9cole fran\u00e7aise internationale d&#039;Ottawa","robots":{"index":"noindex","follow":"follow"},"og_locale":"en_US","og_type":"article","og_title":"Grey Pen Case &#8211; Lyc\u00e9e Claudel | L&#039;\u00e9cole fran\u00e7aise internationale d&#039;Ottawa","og_description":"&nbsp; The grey Claudel high school pencil case is a model that will appeal to girls and boys alike, regardless of age. Its large, single zippered compartment holds all pens, and its carry handle makes it easy to transport. Made from 100% polyester, this pencil case is sturdy and easy to clean inside. It offers &hellip;","og_url":"https:\/\/www.claudel.org\/en\/produit\/grey-pen-case\/","og_site_name":"Lyc\u00e9e Claudel | L&#039;\u00e9cole fran\u00e7aise internationale d&#039;Ottawa","article_publisher":"https:\/\/www.facebook.com\/lycee.claudelottawa","article_modified_time":"2023-06-15T14:22:08+00:00","og_image":[{"width":2560,"height":1707,"url":"https:\/\/www.claudel.org\/wp-content\/uploads\/2022\/10\/DSC00760-2-scaled.jpg","type":"image\/jpeg"}],"twitter_card":"summary_large_image","twitter_site":"@lyceeclaudel","twitter_misc":{"Est. reading time":"1 minute"},"schema":{"@context":"https:\/\/schema.org","@graph":[{"@type":"WebPage","@id":"https:\/\/www.claudel.org\/en\/produit\/grey-pen-case\/","url":"https:\/\/www.claudel.org\/en\/produit\/grey-pen-case\/","name":"Grey Pen Case &#8211; Lyc\u00e9e Claudel | L&#039;\u00e9cole fran\u00e7aise internationale d&#039;Ottawa","isPartOf":{"@id":"https:\/\/www.claudel.org\/en\/#website"},"primaryImageOfPage":{"@id":"https:\/\/www.claudel.org\/en\/produit\/grey-pen-case\/#primaryimage"},"image":{"@id":"https:\/\/www.claudel.org\/en\/produit\/grey-pen-case\/#primaryimage"},"thumbnailUrl":"https:\/\/www.claudel.org\/wp-content\/uploads\/2022\/10\/DSC00760-2-scaled.jpg","datePublished":"2023-06-15T14:22:06+00:00","dateModified":"2023-06-15T14:22:08+00:00","breadcrumb":{"@id":"https:\/\/www.claudel.org\/en\/produit\/grey-pen-case\/#breadcrumb"},"inLanguage":"en-US","potentialAction":[{"@type":"ReadAction","target":["https:\/\/www.claudel.org\/en\/produit\/grey-pen-case\/"]}]},{"@type":"ImageObject","inLanguage":"en-US","@id":"https:\/\/www.claudel.org\/en\/produit\/grey-pen-case\/#primaryimage","url":"https:\/\/www.claudel.org\/wp-content\/uploads\/2022\/10\/DSC00760-2-scaled.jpg","contentUrl":"https:\/\/www.claudel.org\/wp-content\/uploads\/2022\/10\/DSC00760-2-scaled.jpg","width":2560,"height":1707},{"@type":"BreadcrumbList","@id":"https:\/\/www.claudel.org\/en\/produit\/grey-pen-case\/#breadcrumb","itemListElement":[{"@type":"ListItem","position":1,"name":"Home","item":"https:\/\/www.claudel.org\/en\/"},{"@type":"ListItem","position":2,"name":"Boutique","item":"https:\/\/www.claudel.org\/boutique\/"},{"@type":"ListItem","position":3,"name":"Grey Pen Case"}]},{"@type":"WebSite","@id":"https:\/\/www.claudel.org\/en\/#website","url":"https:\/\/www.claudel.org\/en\/","name":"Lyc\u00e9e Claudel | L'\u00e9cole fran\u00e7aise internationale d'Ottawa","description":"L&#039;\u00e9cole fran\u00e7aise internationale d&#039;Ottawa","publisher":{"@id":"https:\/\/www.claudel.org\/en\/#organization"},"potentialAction":[{"@type":"SearchAction","target":{"@type":"EntryPoint","urlTemplate":"https:\/\/www.claudel.org\/en\/?s={search_term_string}"},"query-input":{"@type":"PropertyValueSpecification","valueRequired":true,"valueName":"search_term_string"}}],"inLanguage":"en-US"},{"@type":"Organization","@id":"https:\/\/www.claudel.org\/en\/#organization","name":"Lyc\u00e9e Claudel d'Ottawa","url":"https:\/\/www.claudel.org\/en\/","logo":{"@type":"ImageObject","inLanguage":"en-US","@id":"https:\/\/www.claudel.org\/en\/#\/schema\/logo\/image\/","url":"https:\/\/www.claudel.org\/wp-content\/uploads\/2020\/11\/Logo_LC_Label_Couleur.png","contentUrl":"https:\/\/www.claudel.org\/wp-content\/uploads\/2020\/11\/Logo_LC_Label_Couleur.png","width":1830,"height":770,"caption":"Lyc\u00e9e Claudel d'Ottawa"},"image":{"@id":"https:\/\/www.claudel.org\/en\/#\/schema\/logo\/image\/"},"sameAs":["https:\/\/www.facebook.com\/lycee.claudelottawa","https:\/\/x.com\/lyceeclaudel","https:\/\/www.linkedin.com\/school\/lyc\u00e9e-claudel-d'ottawa","https:\/\/vimeo.com\/lyceeclaudel"]}]}},"jetpack_sharing_enabled":true,"_links":{"self":[{"href":"https:\/\/www.claudel.org\/en\/wp-json\/wp\/v2\/product\/13895","targetHints":{"allow":["GET"]}}],"collection":[{"href":"https:\/\/www.claudel.org\/en\/wp-json\/wp\/v2\/product"}],"about":[{"href":"https:\/\/www.claudel.org\/en\/wp-json\/wp\/v2\/types\/product"}],"replies":[{"embeddable":true,"href":"https:\/\/www.claudel.org\/en\/wp-json\/wp\/v2\/comments?post=13895"}],"wp:featuredmedia":[{"embeddable":true,"href":"https:\/\/www.claudel.org\/en\/wp-json\/wp\/v2\/media\/13343"}],"wp:attachment":[{"href":"https:\/\/www.claudel.org\/en\/wp-json\/wp\/v2\/media?parent=13895"}],"wp:term":[{"taxonomy":"product_brand","embeddable":true,"href":"https:\/\/www.claudel.org\/en\/wp-json\/wp\/v2\/product_brand?post=13895"},{"taxonomy":"product_cat","embeddable":true,"href":"https:\/\/www.claudel.org\/en\/wp-json\/wp\/v2\/product_cat?post=13895"},{"taxonomy":"product_tag","embeddable":true,"href":"https:\/\/www.claudel.org\/en\/wp-json\/wp\/v2\/product_tag?post=13895"}],"curies":[{"name":"wp","href":"https:\/\/api.w.org\/{rel}","templated":true}]}}

<!-- This site is optimized with the Yoast SEO plugin v27.4 - https://yoast.com/product/yoast-seo-wordpress/ -->
<title>Grey Pen Case &#8211; Lycée Claudel | L&#039;école française internationale d&#039;Ottawa</title>
<meta name="robots" content="noindex, follow" />
<meta property="og:locale" content="en_US" />
<meta property="og:type" content="article" />
<meta property="og:title" content="Grey Pen Case &#8211; Lycée Claudel | L&#039;école française internationale d&#039;Ottawa" />
<meta property="og:description" content="&nbsp; The grey Claudel high school pencil case is a model that will appeal to girls and boys alike, regardless of age. Its large, single zippered compartment holds all pens, and its carry handle makes it easy to transport. Made from 100% polyester, this pencil case is sturdy and easy to clean inside. It offers &hellip;" />
<meta property="og:url" content="https://www.claudel.org/en/produit/grey-pen-case/" />
<meta property="og:site_name" content="Lycée Claudel | L&#039;école française internationale d&#039;Ottawa" />
<meta property="article:publisher" content="https://www.facebook.com/lycee.claudelottawa" />
<meta property="article:modified_time" content="2023-06-15T14:22:08+00:00" />
<meta property="og:image" content="https://www.claudel.org/wp-content/uploads/2022/10/DSC00760-2-scaled.jpg" />
	<meta property="og:image:width" content="2560" />
	<meta property="og:image:height" content="1707" />
	<meta property="og:image:type" content="image/jpeg" />
<meta name="twitter:card" content="summary_large_image" />
<meta name="twitter:site" content="@lyceeclaudel" />
<meta name="twitter:label1" content="Est. reading time" />
	<meta name="twitter:data1" content="1 minute" />
<script type="application/ld+json" class="yoast-schema-graph">{"@context":"https:\/\/schema.org","@graph":[{"@type":"WebPage","@id":"https:\/\/www.claudel.org\/en\/produit\/grey-pen-case\/","url":"https:\/\/www.claudel.org\/en\/produit\/grey-pen-case\/","name":"Grey Pen Case &#8211; Lycée Claudel | L&#039;école française internationale d&#039;Ottawa","isPartOf":{"@id":"https:\/\/www.claudel.org\/en\/#website"},"primaryImageOfPage":{"@id":"https:\/\/www.claudel.org\/en\/produit\/grey-pen-case\/#primaryimage"},"image":{"@id":"https:\/\/www.claudel.org\/en\/produit\/grey-pen-case\/#primaryimage"},"thumbnailUrl":"https:\/\/www.claudel.org\/wp-content\/uploads\/2022\/10\/DSC00760-2-scaled.jpg","datePublished":"2023-06-15T14:22:06+00:00","dateModified":"2023-06-15T14:22:08+00:00","breadcrumb":{"@id":"https:\/\/www.claudel.org\/en\/produit\/grey-pen-case\/#breadcrumb"},"inLanguage":"en-US","potentialAction":[{"@type":"ReadAction","target":["https:\/\/www.claudel.org\/en\/produit\/grey-pen-case\/"]}]},{"@type":"ImageObject","inLanguage":"en-US","@id":"https:\/\/www.claudel.org\/en\/produit\/grey-pen-case\/#primaryimage","url":"https:\/\/www.claudel.org\/wp-content\/uploads\/2022\/10\/DSC00760-2-scaled.jpg","contentUrl":"https:\/\/www.claudel.org\/wp-content\/uploads\/2022\/10\/DSC00760-2-scaled.jpg","width":2560,"height":1707},{"@type":"BreadcrumbList","@id":"https:\/\/www.claudel.org\/en\/produit\/grey-pen-case\/#breadcrumb","itemListElement":[{"@type":"ListItem","position":1,"name":"Home","item":"https:\/\/www.claudel.org\/en\/"},{"@type":"ListItem","position":2,"name":"Boutique","item":"https:\/\/www.claudel.org\/boutique\/"},{"@type":"ListItem","position":3,"name":"Grey Pen Case"}]},{"@type":"WebSite","@id":"https:\/\/www.claudel.org\/en\/#website","url":"https:\/\/www.claudel.org\/en\/","name":"Lycée Claudel | L'école française internationale d'Ottawa","description":"L&#039;école française internationale d&#039;Ottawa","publisher":{"@id":"https:\/\/www.claudel.org\/en\/#organization"},"potentialAction":[{"@type":"SearchAction","target":{"@type":"EntryPoint","urlTemplate":"https:\/\/www.claudel.org\/en\/?s={search_term_string}"},"query-input":{"@type":"PropertyValueSpecification","valueRequired":true,"valueName":"search_term_string"}}],"inLanguage":"en-US"},{"@type":"Organization","@id":"https:\/\/www.claudel.org\/en\/#organization","name":"Lycée Claudel d'Ottawa","url":"https:\/\/www.claudel.org\/en\/","logo":{"@type":"ImageObject","inLanguage":"en-US","@id":"https:\/\/www.claudel.org\/en\/#\/schema\/logo\/image\/","url":"https:\/\/www.claudel.org\/wp-content\/uploads\/2020\/11\/Logo_LC_Label_Couleur.png","contentUrl":"https:\/\/www.claudel.org\/wp-content\/uploads\/2020\/11\/Logo_LC_Label_Couleur.png","width":1830,"height":770,"caption":"Lycée Claudel d'Ottawa"},"image":{"@id":"https:\/\/www.claudel.org\/en\/#\/schema\/logo\/image\/"},"sameAs":["https:\/\/www.facebook.com\/lycee.claudelottawa","https:\/\/x.com\/lyceeclaudel","https:\/\/www.linkedin.com\/school\/lycée-claudel-d'ottawa","https:\/\/vimeo.com\/lyceeclaudel"]}]}</script>
<!-- / Yoast SEO plugin. -->

Grey Pen Case &#8211; Lycée Claudel | L&#039;école française internationale d&#039;Ottawa

Lycée Claudel | L&#039;école française internationale d&#039;Ottawa

Lycée Claudel | L'école française internationale d'Ottawa

L&#039;école française internationale d&#039;Ottawa

Lycée Claudel d'Ottawa

https://www.linkedin.com/school/lycée-claudel-d'ottawa
